is divided by 4?
3
Calculate the remainder when 56557 is divided by 229.
223
What is the remainder when 5795891 is divided by 35?
31
Calculate the remainder when 48042 is divided by 48033.
9
What is the remainder when 26563 is divided by 164?
159
What is the remainder when 1091485 is divided by 647?
643
What is the remainder when 2943 is divided by 1044?
855
What is the remainder when 536536 is divided by 772?
768
Calculate the remainder when 2876 is divided by 807.
455
What is the remainder when 464129 is divided by 18565?
4
What is the remainder when 3782 is divided by 729?
137
Calculate the remainder when 131314 is divided by 5.
4
Calculate the remainder when 8812 is divided by 565.
337
What is the remainder when 237796 is divided by 1596?
1588
Calculate the remainder when 1553004 is divided by 371.
369
Calculate the remainder when 523146 is divided by 122.
10
What is the remainder when 2849 is divided by 1342?
165
Calculate the remainder when 733742 is divided by 484.
482
What is the remainder when 661 is divided by 271?
119
What is the remainder when 497743 is divided by 550?
543
What is the remainder when 483340 is divided by 6?
4
Calculate the remainder when 10477 is divided by 5229.
19
What is the remainder when 2686 is divided by 358?
180
What is the remainder when 11456 is divided by 17?
15
What is the remainder when 45283 is divided by 45264?
19
Calculate the remainder when 77851 is divided by 197.
36
What is the remainder when 207834 is divided by 279?
258
Calculate the remainder when 79632 is divided by 4.
0
What is the remainder when 3411717 is divided by 120?
117
Calculate the remainder when 473822 is divided by 55.
52
Calculate the remainder when 67534 is divided by 331.
10
What is the remainder when 62517 is divided by 27?
12
What is the remainder when 368738 is divided by 420?
398
Calculate the remainder when 19061 is divided by 141.
26
Calculate the remainder when 2794 is divided by 542.
84
Calculate the remainder when 4943 is divided by 59.
46
Calculate the remainder when 10393 is divided by 135.
133
What is the remainder when 919369 is divided by 220?
209
What is the remainder when 27261 is divided by 86?
85
Calculate the remainder when 28403 is divided by 2182.
37
Calculate the remainder when 326399 is divided by 326399.
0
What is the remainder when 29926 is divided by 4?
2
Calculate the remainder when 102009 is divided by 33979.
72
What is the remainder when 11336 is divided by 5666?
4
What is the remainder when 10792 is divided by 2156?
12
What is the remainder when 86321 is divided by 327?
320
Calculate the remainder when 127052 is divided by 224.
44
What is the remainder when 8953 is divided by 262?
45
What is the remainder when 4701 is divided by 486?
327
What is the remainder when 20537 is divided by 2043?
107
Calculate the remainder when 10465 is divided by 33.
4
What is the remainder when 14700 is divided by 4896?
12
Calculate the remainder when 14239 is divided by 14064.
175
What is the remainder when 18792 is divided by 2416?
1880
What is the remainder when 32445 is divided by 24?
21
Calculate the remainder when 4587 is divided by 4530.
57
What is the remainder when 5446 is divided by 58?
52
What is the remainder when 2164 is divided by 590?
394
What is the remainder when 1399 is divided by 432?
103
What is the remainder when 19030 is divided by 238?
228
Calculate the remainder when 2590253 is divided by 1359.
1358
What is the remainder when 149696 is divided by 1682?
1680
What is the remainder when 3882 is divided by 1902?
78
What is the remainder when 417 is divided by 89?
61
What is the remainder when 96965 is divided by 248?
245
Calculate the remainder when 463717 is divided by 593.
584
Calculate the remainder when 96939 is divided by 56.
3
Calculate the remainder when 128361 is divided by 228.
225
Calculate the remainder when 1058 is divided by 852.
206
What is the remainder when 10243 is divided by 18?
1
What is the remainder when 3592 is divided by 1221?
1150
Calculate the remainder when 5230 is divided by 6.
4
Calculate the remainder when 85428 is divided by 506.
420
What is the remainder when 17088 is divided by 1424?
0
Calculate the remainder when 29945 is divided by 14935.
75
Calculate the remainder when 21365 is divided by 64.
53
Calculate the remainder when 267468 is divided by 267458.
10
Calculate the remainder when 8012 is divided by 3994.
24
What is the remainder when 1131 is divided by 977?
154
Calculate the remainder when 27715 is divided by 13778.
159
Calculate the remainder when 42093 is divided by 17.
1
What is the remainder when 2397 is divided by 1675?
722
What is the remainder when 259726 is divided by 112?
110
What is the remainder when 1923 is divided by 1590?
333
What is the remainder when 25383 is divided by 6?
3
What is the remainder when 956 is divided by 472?
12
Calculate the remainder when 67241 is divided by 14.
13
Calculate the remainder when 34761 is divided by 6952.
1
Calculate the remainder when 401981 is divided by 2451.
17
What is the remainder when 22389 is divided by 22378?
11
What is the remainder when 6507 is divided by 130?
7
What is the remainder when 55906 is divided by 6211?
7
What is the remainder when 298483 is divided by 49746?
7
What is the remainder when 230526 is divided by 124?
10
What is the remainder when 2640 is divided by 656?
16
What is the remainder when 958 is divided by 231?
34
What is the remainder when 25447 is divided by 80?
7
What is the remainder when 88348 is divided by 1606?
18
What is the remainder when 6427 is divided by 174?
163
Calculate the remainder when 2353 is divided by 1404.
949
What is the remainder when 1051 is divided by 104?
11
What is the remainder when 248590 is divided by 1201?
1184
Calculate the remainder when 31394 is divided by 15.
14
Calculate the remainder when 21811 is divided by 76.
75
Calculate the remainder when 8776 is divided by 2358.
1702
Calculate the remainder when 329767 is divided by 82439.
11
What is the remainder when 34192 is divided by 17068?
56
What is the remainder when 8296 is divided by 1704?
1480
What is the remainder when 3561 is divided by 1107?
240
What is the remainder when 9569 is divided by 6?
5
What is the remainder when 2869 is divided by 47?
2
Calculate the remainder when 59148 is divided by 1259.
1234
Calculate the remainder when 614644 is divided by 78.
4
What is the remainder when 51182 is divided by 403?
1
Calculate the remainder when 1495 is divided by 10.
5
What is the remainder when 12392 is divided by 4116?
44
What is the remainder when 5589 is divided by 244?
221
What is the remainder when 11294 is divided by 3752?
38
What is the remainder when 3326 is divided by 75?
26
What is the remainder when 968 is divided by 163?
153
Calculate the remainder when 5346 is divided by 597.
570
What is the remainder when 12951 is divided by 1438?
9
What is the remainder when 47469 is divided by 92?
89
What is the remainder when 2545581 is divided by 239?
231
Calculate the remainder when 51258 is divided by 7297.
179
Calculate the remainder when 2503 is divided by 567.
235
What is the remainder when 46513 is divided by 9296?
33
What is the remainder when 278431 is divided by 21417?
10
What is the remainder when 106791 is divided by 150?
141
What is the remainder when 130485 is divided by 3260?
85
Calculate the remainder when 6049 is divided by 2596.
857
Calculate the remainder when 2409049 is divided by 302.
297
What is the remainder when 5367 is divided by 478?
109
Calculate the remainder when 56457 is divided by 96.
9
What is the remainder when 1428 is divided by 438?
114
What is the remainder when 4117876 is divided by 9?
7
What is the remainder when 490326 is divided by 490324?
2
Calculate the remainder when 84651 is divided by 286.
281
What is the remainder when 1298798 is divided by 9?
8
What is the remainder when 1880 is divided by 661?
558
What is the remainder when 721 is divided by 521?
200
Calculate the remainder when 396 is divided by 199.
197
What is the remainder when 214237 is divided by 80?
77
Calculate the remainder when 1109 is divided by 217.
24
What is the remainder when 1036198 is divided by 1570?
1568
What is the remainder when 353 is divided by 331?
22
Calculate the remainde